[INFO] cloning repository https://github.com/k2bd/kev-holdem-client-rust
[INFO] running `Command { std: "git" "-c" "credential.helper=" "-c" "credential.helper=/workspace/cargo-home/bin/git-credential-null" "clone" "--bare" "https://github.com/k2bd/kev-holdem-client-rust" "/workspace/cache/git-repos/https%3A%2F%2Fgithub.com%2Fk2bd%2Fkev-holdem-client-rust", kill_on_drop: false }`
[INFO] [stderr] Cloning into bare repository '/workspace/cache/git-repos/https%3A%2F%2Fgithub.com%2Fk2bd%2Fkev-holdem-client-rust'...
[INFO] running `Command { std: "git" "rev-parse" "HEAD", kill_on_drop: false }`
[INFO] [stdout] 66c5b9cf2579d2d3e1447918e0a5a13e42d8f475
[INFO] checking k2bd/kev-holdem-client-rust against try#72f88fc4e9458f89516a0b8b0868f3718aec5b47 for pr-74989
[INFO] running `Command { std: "git" "clone" "/workspace/cache/git-repos/https%3A%2F%2Fgithub.com%2Fk2bd%2Fkev-holdem-client-rust" "/workspace/builds/worker-6/source", kill_on_drop: false }`
[INFO] [stderr] Cloning into '/workspace/builds/worker-6/source'...
[INFO] [stderr] done.
[INFO] validating manifest of git repo https://github.com/k2bd/kev-holdem-client-rust on toolchain 72f88fc4e9458f89516a0b8b0868f3718aec5b47
[INFO] running `Command { std: "/workspace/cargo-home/bin/cargo" "+72f88fc4e9458f89516a0b8b0868f3718aec5b47" "read-manifest" "--manifest-path" "Cargo.toml", kill_on_drop: false }`
[INFO] started tweaking git repo https://github.com/k2bd/kev-holdem-client-rust
[INFO] finished tweaking git repo https://github.com/k2bd/kev-holdem-client-rust
[INFO] tweaked toml for git repo https://github.com/k2bd/kev-holdem-client-rust written to /workspace/builds/worker-6/source/Cargo.toml
[INFO] crate git repo https://github.com/k2bd/kev-holdem-client-rust already has a lockfile, it will not be regenerated
[INFO] running `Command { std: "/workspace/cargo-home/bin/cargo" "+72f88fc4e9458f89516a0b8b0868f3718aec5b47" "fetch" "--locked" "--manifest-path" "Cargo.toml", kill_on_drop: false }`
[INFO] [stderr]  Downloading crates ...
[INFO] [stderr]   Downloaded log v0.4.0
[INFO] running `Command { std: "docker" "create" "-v" "/var/lib/crater-agent-workspace/builds/worker-6/target:/opt/rustwide/target:rw,Z" "-v" "/var/lib/crater-agent-workspace/builds/worker-6/source:/opt/rustwide/workdir:ro,Z" "-v" "/var/lib/crater-agent-workspace/cargo-home:/opt/rustwide/cargo-home:ro,Z" "-v" "/var/lib/crater-agent-workspace/rustup-home:/opt/rustwide/rustup-home:ro,Z" "-e" "SOURCE_DIR=/opt/rustwide/workdir" "-e" "CARGO_TARGET_DIR=/opt/rustwide/target" "-e" "CARGO_HOME=/opt/rustwide/cargo-home" "-e" "RUSTUP_HOME=/opt/rustwide/rustup-home" "-w" "/opt/rustwide/workdir" "-m" "1610612736" "--user" "0:0" "--network" "none" "rustops/crates-build-env@sha256:d92eaeed33fa75130ca1ee6c8a01d1ffb62bac859dfdfb3450e3e5d1c0146529" "/opt/rustwide/cargo-home/bin/cargo" "+72f88fc4e9458f89516a0b8b0868f3718aec5b47" "metadata" "--no-deps" "--format-version=1", kill_on_drop: false }`
[INFO] [stderr] WARNING: Your kernel does not support swap limit capabilities or the cgroup is not mounted. Memory limited without swap.
[INFO] [stdout] 4b2b7d2c70b5fc7517b48f4d72fb6be41c42f981805689d2e82af9053e8f7043
[INFO] running `Command { std: "docker" "start" "-a" "4b2b7d2c70b5fc7517b48f4d72fb6be41c42f981805689d2e82af9053e8f7043", kill_on_drop: false }`
[INFO] running `Command { std: "docker" "inspect" "4b2b7d2c70b5fc7517b48f4d72fb6be41c42f981805689d2e82af9053e8f7043", kill_on_drop: false }`
[INFO] running `Command { std: "docker" "rm" "-f" "4b2b7d2c70b5fc7517b48f4d72fb6be41c42f981805689d2e82af9053e8f7043", kill_on_drop: false }`
[INFO] [stdout] 4b2b7d2c70b5fc7517b48f4d72fb6be41c42f981805689d2e82af9053e8f7043
[INFO] running `Command { std: "docker" "create" "-v" "/var/lib/crater-agent-workspace/builds/worker-6/target:/opt/rustwide/target:rw,Z" "-v" "/var/lib/crater-agent-workspace/builds/worker-6/source:/opt/rustwide/workdir:ro,Z" "-v" "/var/lib/crater-agent-workspace/cargo-home:/opt/rustwide/cargo-home:ro,Z" "-v" "/var/lib/crater-agent-workspace/rustup-home:/opt/rustwide/rustup-home:ro,Z" "-e" "SOURCE_DIR=/opt/rustwide/workdir" "-e" "CARGO_TARGET_DIR=/opt/rustwide/target" "-e" "CARGO_INCREMENTAL=0" "-e" "RUST_BACKTRACE=full" "-e" "RUSTFLAGS=--cap-lints=forbid" "-e" "CARGO_HOME=/opt/rustwide/cargo-home" "-e" "RUSTUP_HOME=/opt/rustwide/rustup-home" "-w" "/opt/rustwide/workdir" "-m" "1610612736" "--user" "0:0" "--network" "none" "rustops/crates-build-env@sha256:d92eaeed33fa75130ca1ee6c8a01d1ffb62bac859dfdfb3450e3e5d1c0146529" "/opt/rustwide/cargo-home/bin/cargo" "+72f88fc4e9458f89516a0b8b0868f3718aec5b47" "check" "--frozen" "--all" "--all-targets" "--message-format=json", kill_on_drop: false }`
[INFO] [stdout] a876d9f8b31974625a9cf2b5adbe4262f453260ef3c8ede2111c1d8df92ff8fc
[INFO] [stderr] WARNING: Your kernel does not support swap limit capabilities or the cgroup is not mounted. Memory limited without swap.
[INFO] running `Command { std: "docker" "start" "-a" "a876d9f8b31974625a9cf2b5adbe4262f453260ef3c8ede2111c1d8df92ff8fc", kill_on_drop: false }`
[INFO] [stderr]     Checking libc v0.2.34
[INFO] [stderr]     Checking cfg-if v0.1.2
[INFO] [stderr]     Checking futures v0.1.17
[INFO] [stderr]     Checking byteorder v1.2.1
[INFO] [stderr]    Compiling version_check v0.1.3
[INFO] [stderr]     Checking smallvec v0.2.1
[INFO] [stderr]     Checking safemem v0.2.0
[INFO] [stderr]     Checking take v0.1.0
[INFO] [stderr]     Checking httparse v1.2.3
[INFO] [stderr]     Checking log v0.4.0
[INFO] [stderr]     Checking log v0.3.9
[INFO] [stderr]     Checking base64 v0.9.0
[INFO] [stderr]    Compiling unicase v2.1.0
[INFO] [stderr]     Checking iovec v0.1.1
[INFO] [stderr]     Checking net2 v0.2.31
[INFO] [stderr]     Checking rand v0.3.18
[INFO] [stderr]     Checking num_cpus v1.7.0
[INFO] [stderr]     Checking time v0.1.38
[INFO] [stderr]     Checking bytes v0.4.5
[INFO] [stderr]     Checking mio v0.6.11
[INFO] [stderr]     Checking mime v0.3.5
[INFO] [stderr]     Checking tokio-io v0.1.4
[INFO] [stderr]     Checking tokio-service v0.1.0
[INFO] [stderr]     Checking futures-cpupool v0.1.7
[INFO] [stderr]     Checking relay v0.1.0
[INFO] [stderr]     Checking tokio-core v0.1.11
[INFO] [stderr]     Checking tokio-proto v0.1.1
[INFO] [stderr]     Checking hyper v0.11.10
[INFO] [stderr]     Checking kev-holdem-client-rust v0.1.0 (/opt/rustwide/workdir)
[INFO] [stdout] error[E0425]: cannot find value `json` in this scope
[INFO] [stdout]   --> src/main.rs:18:41
[INFO] [stdout]    |
[INFO] [stdout] 18 |     req.headers_mut().set(ContentLength(json.len() as u64));
[INFO] [stdout]    |                                         ^^^^ not found in this scope
[INFO] [stdout] 
[INFO] [stdout] 
[INFO] [stdout] error[E0425]: cannot find value `json` in this scope
[INFO] [stdout]   --> src/main.rs:19:18
[INFO] [stdout]    |
[INFO] [stdout] 19 |     req.set_body(json);
[INFO] [stdout]    |                  ^^^^ not found in this scope
[INFO] [stdout] 
[INFO] [stdout] 
[INFO] [stdout] error[E0425]: cannot find value `client` in this scope
[INFO] [stdout]   --> src/main.rs:21:16
[INFO] [stdout]    |
[INFO] [stdout] 21 |     let post = client.request(req).and_then(|res| {
[INFO] [stdout]    |                ^^^^^^ not found in this scope
[INFO] [stdout] 
[INFO] [stdout] 
[INFO] [stdout] error[E0425]: cannot find value `json` in this scope
[INFO] [stdout]   --> src/main.rs:18:41
[INFO] [stdout]    |
[INFO] [stdout] 18 |     req.headers_mut().set(ContentLength(json.len() as u64));
[INFO] [stdout]    |                                         ^^^^ not found in this scope
[INFO] [stdout] 
[INFO] [stdout] 
[INFO] [stdout] error[E0425]: cannot find value `json` in this scope
[INFO] [stdout]   --> src/main.rs:19:18
[INFO] [stdout]    |
[INFO] [stdout] 19 |     req.set_body(json);
[INFO] [stdout]    |                  ^^^^ not found in this scope
[INFO] [stdout] 
[INFO] [stdout] 
[INFO] [stdout] error[E0425]: cannot find value `client` in this scope
[INFO] [stdout]   --> src/main.rs:21:16
[INFO] [stdout]    |
[INFO] [stdout] 21 |     let post = client.request(req).and_then(|res| {
[INFO] [stdout]    |                ^^^^^^ not found in this scope
[INFO] [stdout] 
[INFO] [stdout] 
[INFO] [stdout] error[E0277]: the `?` operator can only be used in a function that returns `Result` or `Option` (or another type that implements `Try`)
[INFO] [stdout]   --> src/main.rs:15:15
[INFO] [stdout]    |
[INFO] [stdout] 6  | / fn main() {
[INFO] [stdout] 7  | |     // Register to the game
[INFO] [stdout] 8  | |     let reg_json = r#"
[INFO] [stdout] 9  | |             {
[INFO] [stdout] ...  |
[INFO] [stdout] 15 | |     let uri = "localhost:8000/reg".parse()?;
[INFO] [stdout]    | |               ^^^^^^^^^^^^^^^^^^^^^^^^^^^^^ cannot use the `?` operator in a function that returns `()`
[INFO] [stdout] ...  |
[INFO] [stdout] 25 | |     });
[INFO] [stdout] 26 | | }
[INFO] [stdout]    | |_- this function should return `Result` or `Option` to accept `?`
[INFO] [stdout]    |
[INFO] [stdout]    = help: the trait `Try` is not implemented for `()`
[INFO] [stdout]    = note: required by `from_error`
[INFO] [stdout] 
[INFO] [stdout] 
[INFO] [stdout] error: aborting due to 4 previous errors
[INFO] [stdout] 
[INFO] [stdout] 
[INFO] [stdout] Some errors have detailed explanations: E0277, E0425.
[INFO] [stdout] 
[INFO] [stdout] For more information about an error, try `rustc --explain E0277`.
[INFO] [stdout] 
[INFO] [stderr] error: could not compile `kev-holdem-client-rust`.
[INFO] [stderr] 
[INFO] [stderr] To learn more, run the command again with --verbose.
[INFO] [stderr] warning: build failed, waiting for other jobs to finish...
[INFO] [stdout] error[E0277]: the `?` operator can only be used in a function that returns `Result` or `Option` (or another type that implements `Try`)
[INFO] [stdout]   --> src/main.rs:15:15
[INFO] [stdout]    |
[INFO] [stdout] 6  | / fn main() {
[INFO] [stdout] 7  | |     // Register to the game
[INFO] [stdout] 8  | |     let reg_json = r#"
[INFO] [stdout] 9  | |             {
[INFO] [stdout] ...  |
[INFO] [stdout] 15 | |     let uri = "localhost:8000/reg".parse()?;
[INFO] [stdout]    | |               ^^^^^^^^^^^^^^^^^^^^^^^^^^^^^ cannot use the `?` operator in a function that returns `()`
[INFO] [stdout] ...  |
[INFO] [stdout] 25 | |     });
[INFO] [stdout] 26 | | }
[INFO] [stdout]    | |_- this function should return `Result` or `Option` to accept `?`
[INFO] [stdout]    |
[INFO] [stdout]    = help: the trait `Try` is not implemented for `()`
[INFO] [stdout]    = note: required by `from_error`
[INFO] [stdout] 
[INFO] [stdout] 
[INFO] [stdout] error: aborting due to 4 previous errors
[INFO] [stdout] 
[INFO] [stdout] 
[INFO] [stdout] Some errors have detailed explanations: E0277, E0425.
[INFO] [stdout] 
[INFO] [stdout] For more information about an error, try `rustc --explain E0277`.
[INFO] [stdout] 
[INFO] [stderr] error: build failed
[INFO] running `Command { std: "docker" "inspect" "a876d9f8b31974625a9cf2b5adbe4262f453260ef3c8ede2111c1d8df92ff8fc", kill_on_drop: false }`
[INFO] running `Command { std: "docker" "rm" "-f" "a876d9f8b31974625a9cf2b5adbe4262f453260ef3c8ede2111c1d8df92ff8fc", kill_on_drop: false }`
[INFO] [stdout] a876d9f8b31974625a9cf2b5adbe4262f453260ef3c8ede2111c1d8df92ff8fc
